121?
11
Suppose c = -3*c + 12. Suppose 3*f + 4*i = 53, 0 = -2*f - 2*f + c*i + 79. What is the highest common factor of f and 171?
19
Suppose 0 = 5*a - 7*i + 2*i - 695, 0 = 4*i + 12. What is the greatest common divisor of 4 and a?
4
Suppose -w = -18 - 47. Let u be ((12 - -3) + -2)*2. Calculate the highest common factor of w and u.
13
Suppose 3*n - 4*n + 192 = 0. Suppose 0 = -v - 3*v + n. What is the highest common divisor of v and 12?
12
Suppose 3*a + 22 = 7. Let n(h) = h**2 - h + 4. Let w(s) = -s + 3. Let j(z) = 2*n(z) - 3*w(z). Let v be j(a). Calculate the greatest common divisor of 4 and v.
4
Let i be (-30)/(-3)*2/4. Suppose -i*h - 116 = -4*a, 3*h + 0 = -a + 12. What is the greatest common factor of 16 and a?
8
Let p be -2 + (-24)/(-10) - (-598)/5. Suppose 8*j = 4*j + 192. What is the highest common factor of j and p?
24
Let y(p) = p**3 + 5*p**2 + p + 7. Let t be y(-5). Calculate the highest common divisor of 1 and t.
1
Let p = 0 - -5. Suppose p*d = -w + 4*d - 1, 0 = -w - 2*d - 4. Suppose -4*g + 6*g - 4 = 0. What is the highest common divisor of g and w?
2
Suppose 9*z - 8*z = 165. What is the greatest common factor of 15 and z?
15
Let h(z) = -3*z - 4. Let u be h(-3). Let w be 1 - (-1 - 0)*-1. Suppose 5*x - 4 - 21 = w. What is the greatest common factor of u and x?
5
Let y be 4/6 - 15/9. Let g be 6 - -2 - y - 1. Let w be g - (-4 + 1 + 0). What is the greatest common factor of w and 11?
11
Let n be 0 + 0 + -1 - -9. Let m(a) = 5*a - 6. Let o be m(n). Suppose 255 = -2*j + 5*j. What is the highest common divisor of j and o?
17
Suppose 8*g = 6*g + 22. What is the greatest common factor of g and 99?
11
Suppose p + 2*b = -4*p + 158, -p + 42 = 3*b. Let h = 1 + -1. Let i = 6 + h. What is the greatest common divisor of i and p?
6
Let x = 20 - -3. Suppose -5*t + x + 2 = 0. Let l(j) = 3*j - 8. Let z be l(6). What is the greatest common factor of z and t?
5
Suppose u + 0*p + p = 6, -2*u = -p - 9. What is the greatest common divisor of u and 10?
5
Suppose 0 = 2*n + 4*r - 9*r - 79, 4*n - 3*r - 123 = 0. Let v = n - 12. What is the greatest common divisor of 6 and v?
3
Suppose 3*a - 2 = 2*l, 4*a + 2*l - 15 + 3 = 0. Suppose -a*d = 4*u + 6 - 26, d - u - 1 = 0. What is the highest common divisor of d and 16?
4
Let o(d) = -2*d - 8. Let q be o(-5). Suppose q*r - 58 = -10. Calculate the highest common factor of r and 3.
3
Let w = 113 - 41. Suppose 0 = -2*k - 0*k + l + 85, -2*k - 3*l = -105. Suppose 10*v - 5*v = k. What is the greatest common factor of w and v?
9
Let j(r) = -46*r - 3. Let k be j(-3). Calculate the highest common divisor of k and 54.
27
Let z be ((-10)/(-15))/(2/102). Suppose -2*m - d + z = 0, -d - 38 = 3*m - 5*m. Suppose 225 = -i + 6*i. What is the highest common divisor of i and m?
9
Let q(o) = -5*o + 15. Let h be q(-10). What is the greatest common divisor of h and 13?
13
Let r = 36 + -3. Calculate the highest common factor of r and 3.
3
Let q(p) = p + 2. Let z(x) = 8*x + 18. Let s(f) = 52*q(f) - 6*z(f). Let b be s(6). Suppose -41*o = 28 - 438. Calculate the highest common divisor of o and b.
10
Suppose 0 = l - 3*l. Suppose 2*h + 31 - 115 = l. Let j be ((-56)/(-10))/(3/15). What is the highest common divisor of j and h?
14
Let z = -16 + 43. Let b = 46 - z. Let t = -57 + 209. Calculate the greatest common divisor of b and t.
19
Suppose -n + 0*n = -30. What is the greatest common factor of n and 6?
6
Let s be (3 - (-39)/(-12))*-4. Let m(p) = 143*p**3 + p**2. Let w be m(s). Calculate the highest common factor of 16 and w.
16
Let b(g) = -3*g + 0*g**2 - g**3 + 2 - g**2 + 8*g**2. Let r be b(6). Let d = 28 - r. Calculate the highest common divisor of d and 64.
8
Let a(h) = h**3 - 6 + 2*h + 0*h**3 - 2*h - 6*h**2. Let r be a(6). Let d = r - -17. What is the greatest common factor of d and 99?
11
Suppose 0*h - 5*h = q + 6, -2*q = -5*h - 18. Calculate the greatest common divisor of 4 and q.
4
Let s be 140 - (-3 - 1/1). Suppose 0 = 2*b - 4*b - 5*z + 12, -4*z = 16. What is the highest common factor of b and s?
16
Let c be 0/1 - (-5 - 7). Let j = 15 + -3. Calculate the greatest common factor of c and j.
12
Let o = 15 - 4. Calculate the greatest common divisor of 11 and o.
11
Suppose 2*x - 5*v = -1, 3*x + 7*v = 3*v + 33. Calculate the greatest common factor of 7 and x.
7
Suppose -20*t - 48 = -21*t + u, 5*u = 0. Calculate the highest common factor of 80 and t.
16
Let f be (4/(-2))/((-1)/6). Suppose 2 = 5*q + f. Let y be -2 - (q - -3)*-12. Calculate the highest common factor of y and 4.
2
Let b = -52 + 91. What is the greatest common factor of 13 and b?
13
Let s(q) = -q**2 + 1. Let z be s(2). Let b be (-1)/2*(-3 + z). Suppose -4*f - b = -5*f. What is the greatest common divisor of f and 3?
3
Suppose -n = 4*w - 12, -4*w - 2*n + 3*n = -4. Suppose w + 8 = 5*y. Calculate the highest common factor of y and 6.
2
Let v = -7 + 16. Let j(a) = 7*a**2 - 2*a. Let m be j(-1). Calculate the greatest common factor of v and m.
9
Let p(f) = f**3 - 2*f**2 - 3*f + 2. Let n = 12 + -9. Let m be p(n). What is the highest common divisor of 6 and m?
2
Let v be -41*-1*(1 + 1). Let t = -11 + v. Suppose 5*a = -16 + t. What is the greatest common factor of a and 11?
11
Let k(h) = h**3 - 5*h**2 - 6*h + 4. Let x be k(6). Suppose -32 + 80 = -x*s. Let v = 27 + s. Calculate the greatest common divisor of v and 15.
15
Suppose -3*u + 5*y - 4 = 9, -3*u + 17 = y. What is the highest common factor of u and 20?
4
Suppose 2*o - 195 = -15. What is the highest common factor of 10 and o?
10
Let t(f) = 4*f**2 + 3*f - 2. Let d be t(6). What is the highest common divisor of d and 64?
32
Suppose -6*v = -3*v + 2*o + 48, -3 = v + 5*o. Let l = v - -33. Let b = 135 + -15. Calculate the highest common divisor of l and b.
15
Let f(x) = -x**2 + 6*x + 9. Let n be f(7). Let k = n + 2. Suppose 6 = -k*g + 54. What is the greatest common divisor of 12 and g?
12
Let o(c) be the second derivative of -c**5/20 + 7*c**4/6 - 3*c**3/2 + 4*c**2 - 2*c. Let r be o(13). What is the highest common factor of 12 and r?
12
Let q be (2 + -4)*(1 + -3). Suppose 53 = q*n - 3. Calculate the greatest common divisor of 21 and n.
7
Let p be ((-1)/(-2))/((-2)/(-48)). Suppose 2 + 7 = 3*d. Suppose 0*y = -d*y + 180. Calculate the greatest common divisor of y and p.
12
Suppose 0 = -k + 4*k + 96. Let q = -23 - k. Let p = 31 + -13. What is the highest common divisor of p and q?
9
Let m be 16/(-32) + (-478)/(-4). Calculate the highest common factor of m and 17.
17
Suppose o = 5*v + 19, 4*o = 2*o + 3*v + 17. Suppose -50 - 46 = -o*s. Calculate the greatest common factor of s and 12.
12
Let z = 3 + 0. Let n be (-55)/22*(-1 - z). Let s be (-62)/(-6) - (-2)/(-6). What is the greatest common divisor of n and s?
10
Suppose 0 = -3*h + 12, 5*p + 3*h = -7 + 34. What is the highest common divisor of 3 and p?
3
Let h(s) = s**3 + 5*s**2 - s + 5. Let t be h(-5). Suppose 5 + t = v. What is the highest common divisor of 30 and v?
15
Let f be -8*((-7)/2)/7. Calculate the highest common factor of f and 40.
4
Let k = -3 + 7. Let b be 2734/14 + (-4)/14. Suppose b = p + k*p. Calculate the highest common factor of 26 and p.
13
Let c(j) = -j**2 + 14*j + 9. Let m be c(11). What is the highest common factor of m and 6?
6
Let n(w) = -w**3 + 4 - 2*w - 2*w**2 - 6 + 3*w**2. Let x be n(-2). Let b = 214 - 144. What is the highest common factor of b and x?
14
Suppose 0*a = 5*d - 5*a - 105, 0 = 3*d - a - 53. Calculate the highest common divisor of d and 48.
16
Let g(l) = -l + 124. Let h be g(0). Let w be h/(-6)*-3 + 1. What is the highest common factor of w and 9?
9
Let h be ((-1)/2*-6)/((-12)/(-80)). What is the highest common factor of h and 10?
10
Suppose 197*b + 84 = 199*b. Calculate the greatest common factor of b and 63.
21
Suppose -2*h + 28 = 2*h. Suppose h = n + 3. Suppose n*t + 0*r - 5*r = 93, -2*t - 5*r + 69 = 0. Calculate the highest common factor of 18 and t.
9
Let b = 51 + -35. Calculate the greatest common divisor of b and 2.
2
Suppose -5*d + 5 = -20. Let s = d - -27. Calculate the highest common factor of 4 and s.
4
Suppose -3*w - 40 = -5*w. Let s(h) = 15*h**2 - h + 10. Let u be s(-3). Suppose 2*d - 58 = -x, 5*d + 2*x - u = x. What is the highest common divisor of w and d?
10
Let z(d) = -d**3 + 4*d**2 + 5. Let o be z(4). Calculate the greatest common factor of 10 a